
Suppose 3*s - 7 = 4*f, 3*f + 8 = 4*s + s. Let x be 1626/30 + f/5. Suppose 8*l - x = 5*l. What is the tens digit of l?
1
Let c(n) = -n**2 - 5*n + 1. Suppose 34 = -2*m - 4*z - 12, -3*z - 9 = 0. Let t = 12 + m. What is the units digit of c(t)?
1
Let j(z) = 10*z + 17 - 9*z + z. Let c be j(10). Let b = 120 - c. What is the units digit of b?
3
Let m(k) be the second derivative of -k**5/10 + 25*k**4/12 - 11*k**3/6 - 9*k**2 + 13*k. Let j be m(12). What is the tens digit of 2/j - (-1542)/9?
7
Suppose -q = m + 3, -m - 3*m + 5*q = -15. Suppose -2*p - 3*d - 10 = 2*p, 3*p - 2*d + 16 = m. What is the tens digit of (27/p)/(24/(-320))?
9
Let t(p) = 3*p**2 - 19*p + 26. Let s be t(-12). Let h = s + -249. What is the units digit of h?
7
Suppose -22*b + 19403 + 119187 = 25092. What is the hundreds digit of b?
1
Suppose k = -3*g + 20, k = 4*k - 3*g. Suppose o = k, -2*q = q + o - 437. What is the hundreds digit of q?
1
Suppose -232*i + 576*i + 145682 - 976786 = 0. What is the thousands digit of i?
2
Suppose 28*o - 30*o - 1608 = -l, -l - 4*o + 1614 = 0. Suppose -30*f + 37*f - l = 0. What is the hundreds digit of f?
2
Let x be (-8 - (-288)/40)/(4/(-10)). Suppose 4*t = 4*h - 4, -3*h + t - x*t = 1. Suppose 20*j - 24*j + 828 = h. What is the tens digit of j?
0
Let i(q) = -433*q**3 + 32*q + 61. What is the thousands digit of i(-3)?
1
Let m(k) = 16*k**2 - 7*k - 11. Let s be m(8). Suppose 3*n = -21 + s. What is the hundreds digit of n?
3
Suppose -2220 = 30*z - 19686 - 11544. What is the hundreds digit of z?
9
Suppose -h = 2*x - 4, 2*h + 5*x + 4 = 7*x. Suppose 7*z - 9*z + 3*b = h, -3*z - 3*b = 0. Let v(t) = -t**3 - t**2 - t + 137. What is the units digit of v(z)?
7
Suppose 4*i + 14978 + 2903 = 3*p, 29851 = 5*p - 19*i. What is the tens digit of p?
5
Suppose -f = 2*h + h - 36, 4*h = f + 55. Suppose h*s - 1020 = 8*s. Suppose 2*b + s = 2*p, b = -p + 3*b + 107. What is the tens digit of p?
9
Let a = -10 - 11. Let o = 74 + a. Let p = -52 + o. What is the units digit of p?
1
Let i(y) = 10557*y**3 + y**2. Let r be i(-1). What is the units digit of 2/7 - r/98?
8
Let q be 4/6 - (-3832)/3. Suppose -5*p + 3*t + q = -1563, 5*p - 2833 = -t. What is the hundreds digit of p?
5
Let n(c) = -4*c - 56. Suppose 5*f = -28 - 642. Let b = f + 118. What is the units digit of n(b)?
8
Let k(a) = -693*a - 128. Let w(j) = 230*j + 43. Let u(l) = 4*k(l) + 11*w(l). What is the units digit of u(-4)?
9
Let w(j) = -j**3 - j**2 + j - 5. Let f = 11 + -8. Let n(t) = -t**2 + t. Let h(s) = f*n(s) + w(s). What is the tens digit of h(-6)?
4
Suppose 13 - 19 = -3*h. Suppose 207 = h*j - 11*j. Let g(z) = -z**3 - 24*z**2 - 32*z - 55. What is the tens digit of g(j)?
5
Let r(m) = -m**3 + 16*m**2 - 19*m - 20. Suppose -3*c + 4*x = -170, -3*c - x - 218 = -7*c. Suppose -5*p = -16 - c. What is the units digit of r(p)?
6
Suppose -2*w - 16 = -3*b, -2*b - 2*w = 9 - 3. Let f be (-21)/(-9)*(b - -1). Suppose 0 = f*g - 579 - 100. What is the units digit of g?
7
Suppose -p + 3*p = 8. Let d = 586 - 586. Suppose p*b - 42 = -d*s - 2*s, 5*b - 49 = s. What is the tens digit of b?
1
Suppose 4*d = -3*g + 3265, 5*g = d - 449 - 350. Suppose 6*j - 28 = 2*j. Suppose 82 = j*o - d. What is the tens digit of o?
2
Suppose k = -3*w + 5, 0 = 3*k + 5*w + 3 - 14. Suppose -5*t = -2*i + 684, -k*i = i + 4*t - 1072. What is the hundreds digit of i?
3
Suppose -5*d = -10*p + 6*p - 32027, -3*d = -3*p - 19215. What is the units digit of d?
7
What is the thousands digit of (-3)/4 + (-814165)/(-44)?
8
What is the hundreds digit of (-7)/(4/52 - (-21804)/(-279565))?
5
Suppose 3*u = -2*j + 48, 6*j - 3*j - 74 = -5*u. Suppose -4*m + j*m = 12180. What is the hundreds digit of m?
8
Let u(k) = -k**3 - 5*k**2 + 5*k - 8. Let d be u(-7). Suppose 181 - d = -6*r. Let f = r - -51. What is the units digit of f?
0
Suppose -36*t - 3510 = -9*t. What is the tens digit of 18/(-3 - 394/t)?
8
Let k(h) = 1641*h + 797. What is the thousands digit of k(27)?
5
Suppose 0 = -8*g + 12*g + r - 120, 0 = -3*r - 12. Suppose -g*k + 21*k = -4270. What is the hundreds digit of k?
4
Let j(a) = 12*a**2 - 6*a + 35. Let v be j(13). Let u = v - 732. What is the tens digit of u?
5
Let k be 18361/5 - 1/5. Suppose 7*i = -1117 + k. Suppose -7*f = -1632 + i. What is the units digit of f?
1
Let x be (-106*13/2)/(1/1). Let b = -466 - x. Suppose -2*u = 5*y - b, 481 = 4*u - 3*y + 6*y. What is the units digit of u?
4
Suppose -4*l - 14990 - 1 = -3*b, 0 = -5*b - l + 25008. What is the hundreds digit of b?
0
Suppose 50*r - 97510 = -109*r + 243386. What is the units digit of r?
4
Let v = 26 + -18. Suppose -v = 11*n - 7*n. Let x(k) = -25*k**3 + 5*k**2 + 5*k + 4. What is the tens digit of x(n)?
1
Suppose 3*b = 1546 - 166. Let g = b + -130. What is the tens digit of g?
3
Let d(a) = 18*a + 19. Let n be d(9). Let w = -91 + n. What is the units digit of w?
0
Let f be ((-8)/2)/(-2 + (-336)/(-175)). Let g = f + 514. What is the hundreds digit of g?
5
Suppose -m = p - 10, p + 8 = 2*m - 0*p. Let y be (-10)/(-4)*(-2646)/(-9). Suppose -y - 273 = -m*x. What is the tens digit of x?
6
Let c = 20906 - 10114. What is the units digit of c?
2
Suppose -29*m + 75478 = 4*d - 19*m, -3*m + 9 = 0. What is the hundreds digit of d?
8
What is the units digit of -7 + (4/(-4) - -8 - -9753)?
3
Let w(u) = 10548*u**3 - 2*u**2 + 4*u - 3. Let t be w(1). What is the units digit of t/7 + -1 + (-138)/(-483)?
6
Let b = -33976 - -59023. What is the units digit of b?
7
Let z be ((-102)/15)/(10/(-950)). Suppose 0 = -3*k - 250 + z. Suppose -2*u + 0*u = -k. What is the units digit of u?
6
Let s = -6643 + 11081. What is the tens digit of s?
3
Let f = 13309 + -7816. What is the tens digit of f?
9
Let m be (-1270)/(-26) + -9 + 1190/130. Suppose -l + m*l - 36672 = 0. What is the units digit of l?
4
Suppose 11*d - 36 = 2*d. Suppose 16*r - 1767 = -3*y + 11*r, d*y = -r + 2373. What is the tens digit of y/72*(-32)/(-3)?
8
What is the tens digit of (-27)/27 + 8928/1?
2
Let h = 83 - 55. Suppose -30*r = -h*r - 622. Suppose 2*x + 2*q - 126 = 0, -2*q = 5*x + 2*q - r. What is the units digit of x?
9
Suppose 5*f - 16 = -6. Suppose 5*n = -5*y + 45, f*y + n - 6*n = 18. Suppose 924 = y*k + 2*k. What is the units digit of k?
4
Let f = -75 + 195. Let l = f + -100. What is the units digit of l?
0
Suppose 16825 = 4*y + 20099 - 50350. What is the tens digit of y?
6
Suppose -331*a + 284*a + 1054868 = 0. What is the thousands digit of a?
2
Let i(x) = -x - 8. Let s be i(-5). Let y be 360/(-7 - s) + -1 + 3. Let g = y - -188. What is the units digit of g?
0
Let o(m) be the second derivative of -m**5/20 + m**3/6 + 143*m**2/2 - 35*m. Suppose 2*r + 3*x = -12, -r = -2*r - 4*x - 16. What is the tens digit of o(r)?
4
What is the units digit of (-937039)/(-22 - 25) - (2/2 - 1)?
7
Let m(n) = -n**2 + 8*n + 86. Let l be m(14). Suppose -512 = -t + l*w, 5*t = 4*w + 2700 - 152. What is the hundreds digit of t?
5
Let u(k) = 3*k**2 - 31*k + 230. Let b be u(11). Suppose b*r - 242*r - 13370 = 0. What is the tens digit of r?
3
Let s(g) = -64*g + 295. Let l(u) = -21*u + 98. Let n(z) = 8*l(z) - 3*s(z). What is the tens digit of n(10)?
3
Suppose 20 = -4*t, 1058 = 2*m + t + 435. Let s = m - -151. What is the tens digit of s?
6
Suppose -5*i = -2*l - 20, -l - 5*i + 34 - 44 = 0. Let d(f) = f**3 + 11*f**2 - 6*f - 7. What is the tens digit of d(l)?
5
Let o = -9773 - -11824. What is the thousands digit of o?
2
Let j be 2*3*(-29 - -6). Let r = j + 146. What is the units digit of r?
8
Let m be ((-4)/(-12))/(2/24). Let s(k) = 26*k - 214 - 237 + 454. What is the units digit of s(m)?
7
Suppose 3*o = -9, -10*s + 5*o = -11*s + 11111. What is the tens digit of s?
2
Let w(q) = 36*q**3 - 169*q + 96. What is the units digit of w(12)?
6
Let h = -2 + 9. What is the tens digit of 1/h - (-3 + 58784/(-112))?
2
Suppose 2*h = -5*j - 2000, 2*j + h - 408 + 1207 = 0. Let r = 736 + j. What is the units digit of r?
4
Let y(q) = -252*q**3 + 23*q**2 + 151*q + 30. What is the ten thousands digit of y(-5)?
3
Suppose 39*x = 27*x + 672. Let f = x + -49. What is the units digit of f?
7
Let u = 257 + -241. What is the tens digit of (-12)/u*-8 - -359?
6
Let c = 353 - 203. Let i = -51 + c. What is the units digit of i?
9
Let s = 48 + 273. Let u = s - -65. What is the units digit of u?
6
Suppose -3*p + 5*z + 471 = -187, -4*p = -3*z - 892. Let